{"id":77,"date":"2018-05-28T10:01:53","date_gmt":"2018-05-28T10:01:53","guid":{"rendered":"https:\/\/www.schullermalt.at\/?page_id=77"},"modified":"2018-05-28T11:39:18","modified_gmt":"2018-05-28T11:39:18","slug":"kreative-techniken","status":"publish","type":"page","link":"https:\/\/www.schullermalt.at\/?page_id=77","title":{"rendered":"Kreative Techniken"},"content":{"rendered":"<p>Mit unserer breiten Palette an kreativen Techniken wie zum Beispiel der Marmor\u2010, Wickel\u2010 oder Airbrushtechnik, k\u00f6nnen Sie ganzen W\u00e4nden oder auch nur einzelnen Fl\u00e4chen auf unkonventionelle Art und Weise Ausdruck verleihen. Auch mittels Schabloniertechnik angebrachte Bord\u00fcren k\u00f6nnen einem Raum besonderen Ausdruck verleihen.<\/p>\n","protected":false},"excerpt":{"rendered":"<p>Mit unserer breiten Palette an kreativen Techniken wie zum Beispiel der Marmor\u2010, Wickel\u2010 oder Airbrushtechnik, k\u00f6nnen Sie ganzen W\u00e4nden oder auch nur einzelnen Fl\u00e4chen auf unkonventionelle Art und Weise Ausdruck verleihen. Auch mittels Schabloniertechnik angebrachte Bord\u00fcren k\u00f6nnen einem Raum besonderen Ausdruck verleihen.<\/p>\n","protected":false},"author":1,"featured_media":113,"parent":10,"menu_order":0,"comment_status":"closed","ping_status":"closed","template":"","meta":{"inline_featured_image":false,"footnotes":""},"_links":{"self":[{"href":"https:\/\/www.schullermalt.at\/index.php?rest_route=\/wp\/v2\/pages\/77"}],"collection":[{"href":"https:\/\/www.schullermalt.at\/index.php?rest_route=\/wp\/v2\/pages"}],"about":[{"href":"https:\/\/www.schullermalt.at\/index.php?rest_route=\/wp\/v2\/types\/page"}],"author":[{"embeddable":true,"href":"https:\/\/www.schullermalt.at\/index.php?rest_route=\/wp\/v2\/users\/1"}],"replies":[{"embeddable":true,"href":"https:\/\/www.schullermalt.at\/index.php?rest_route=%2Fwp%2Fv2%2Fcomments&post=77"}],"version-history":[{"count":2,"href":"https:\/\/www.schullermalt.at\/index.php?rest_route=\/wp\/v2\/pages\/77\/revisions"}],"predecessor-version":[{"id":114,"href":"https:\/\/www.schullermalt.at\/index.php?rest_route=\/wp\/v2\/pages\/77\/revisions\/114"}],"up":[{"embeddable":true,"href":"https:\/\/www.schullermalt.at\/index.php?rest_route=\/wp\/v2\/pages\/10"}],"wp:featuredmedia":[{"embeddable":true,"href":"https:\/\/www.schullermalt.at\/index.php?rest_route=\/wp\/v2\/media\/113"}],"wp:attachment":[{"href":"https:\/\/www.schullermalt.at\/index.php?rest_route=%2Fwp%2Fv2%2Fmedia&parent=77"}],"curies":[{"name":"wp","href":"https:\/\/api.w.org\/{rel}","templated":true}]}}