{"id":69,"date":"2018-05-28T07:05:08","date_gmt":"2018-05-28T07:05:08","guid":{"rendered":"https:\/\/www.schullermalt.at\/?page_id=69"},"modified":"2024-02-09T09:28:40","modified_gmt":"2024-02-09T08:28:40","slug":"impressum","status":"publish","type":"page","link":"https:\/\/www.schullermalt.at\/?page_id=69","title":{"rendered":"Impressum"},"content":{"rendered":"<h5>Impressum<\/h5>\n<p>&nbsp;<\/p>\n<p>Firmenname: Gerlinde Schuller<br \/>\nBerufszweig: Maler und Anstreicher<br \/>\nBeh\u00f6rde gem. E-Commerce-Gesetz: Bezirkshauptmannschaft G\u00e4nserndorf<\/p>\n<p>Adresse: 2224 Erdpre\u00df, Erdpre\u00df 97<br \/>\nTel.: 02534 500<br \/>\nE-Mail: buero@schullermalt.at<\/p>\n<p>Gewerbeanmeldung: 01.01.1983<\/p>\n<p>Fotos: <a href=\"https:\/\/www.karinagoldmann.com\" rel=\"noopener\" target=\"_blank\">Karina Goldmann<\/a>, Gerhard Schuller und Kerstin Schuller<br \/>\nGrafik: <a href=\"https:\/\/www.georgzechner.com\" rel=\"noopener\" target=\"_blank\">Georg Zechner<\/a><br \/>\nProgrammierung: <a href=\"https:\/\/www.diegestaltung.at\" rel=\"noopener\" target=\"_blank\">Petra Morawa-Zechner<\/a><br \/>\nDiese Website benutzt das WordPress-Framework Thesis 2.6 von Chris Pearson<\/p>\n","protected":false},"excerpt":{"rendered":"<p>Impressum &nbsp; Firmenname: Gerlinde Schuller Berufszweig: Maler und Anstreicher Beh\u00f6rde gem. E-Commerce-Gesetz: Bezirkshauptmannschaft G\u00e4nserndorf Adresse: 2224 Erdpre\u00df, Erdpre\u00df 97 Tel.: 02534 500 E-Mail: buero@schullermalt.at Gewerbeanmeldung: 01.01.1983 Fotos: Karina Goldmann, Gerhard Schuller und Kerstin Schuller Grafik: Georg Zechner Programmierung: Petra Morawa-Zechner Diese Website benutzt das WordPress-Framework Thesis 2.6 von Chris Pearson<\/p>\n","protected":false},"author":1,"featured_media":0,"parent":0,"menu_order":0,"comment_status":"closed","ping_status":"closed","template":"","meta":{"inline_featured_image":false,"footnotes":""},"_links":{"self":[{"href":"https:\/\/www.schullermalt.at\/index.php?rest_route=\/wp\/v2\/pages\/69"}],"collection":[{"href":"https:\/\/www.schullermalt.at\/index.php?rest_route=\/wp\/v2\/pages"}],"about":[{"href":"https:\/\/www.schullermalt.at\/index.php?rest_route=\/wp\/v2\/types\/page"}],"author":[{"embeddable":true,"href":"https:\/\/www.schullermalt.at\/index.php?rest_route=\/wp\/v2\/users\/1"}],"replies":[{"embeddable":true,"href":"https:\/\/www.schullermalt.at\/index.php?rest_route=%2Fwp%2Fv2%2Fcomments&post=69"}],"version-history":[{"count":10,"href":"https:\/\/www.schullermalt.at\/index.php?rest_route=\/wp\/v2\/pages\/69\/revisions"}],"predecessor-version":[{"id":412,"href":"https:\/\/www.schullermalt.at\/index.php?rest_route=\/wp\/v2\/pages\/69\/revisions\/412"}],"wp:attachment":[{"href":"https:\/\/www.schullermalt.at\/index.php?rest_route=%2Fwp%2Fv2%2Fmedia&parent=69"}],"curies":[{"name":"wp","href":"https:\/\/api.w.org\/{rel}","templated":true}]}}