{"id":60,"date":"2018-05-24T16:41:03","date_gmt":"2018-05-24T16:41:03","guid":{"rendered":"https:\/\/www.schullermalt.at\/?page_id=60"},"modified":"2018-05-28T11:25:51","modified_gmt":"2018-05-28T11:25:51","slug":"malerei","status":"publish","type":"page","link":"https:\/\/www.schullermalt.at\/?page_id=60","title":{"rendered":"Malerei"},"content":{"rendered":"<p>Mit der passenden Farbe f\u00fcr Ihre Innenw\u00e4nde k\u00f6nnen Sie den Wohlf\u00fchlfaktor steigern und Ihren Wohnstil unterstreichen. Auch ist es m\u00f6glich, durch die Auswahl der richtigen Farbqualit\u00e4t, Ihre W\u00e4nde widerstandsf\u00e4higer gegen Verschmutzungen zu machen oder Probleme, wie zum Beispiel Schimmel, zu beseitigen.<\/p>\n","protected":false},"excerpt":{"rendered":"<p>Mit der passenden Farbe f\u00fcr Ihre Innenw\u00e4nde k\u00f6nnen Sie den Wohlf\u00fchlfaktor steigern und Ihren Wohnstil unterstreichen. Auch ist es m\u00f6glich, durch die Auswahl der richtigen Farbqualit\u00e4t, Ihre W\u00e4nde widerstandsf\u00e4higer gegen Verschmutzungen zu machen oder Probleme, wie zum Beispiel Schimmel, zu beseitigen.<\/p>\n","protected":false},"author":1,"featured_media":103,"parent":10,"menu_order":0,"comment_status":"closed","ping_status":"closed","template":"","meta":{"inline_featured_image":false,"footnotes":""},"_links":{"self":[{"href":"https:\/\/www.schullermalt.at\/index.php?rest_route=\/wp\/v2\/pages\/60"}],"collection":[{"href":"https:\/\/www.schullermalt.at\/index.php?rest_route=\/wp\/v2\/pages"}],"about":[{"href":"https:\/\/www.schullermalt.at\/index.php?rest_route=\/wp\/v2\/types\/page"}],"author":[{"embeddable":true,"href":"https:\/\/www.schullermalt.at\/index.php?rest_route=\/wp\/v2\/users\/1"}],"replies":[{"embeddable":true,"href":"https:\/\/www.schullermalt.at\/index.php?rest_route=%2Fwp%2Fv2%2Fcomments&post=60"}],"version-history":[{"count":3,"href":"https:\/\/www.schullermalt.at\/index.php?rest_route=\/wp\/v2\/pages\/60\/revisions"}],"predecessor-version":[{"id":102,"href":"https:\/\/www.schullermalt.at\/index.php?rest_route=\/wp\/v2\/pages\/60\/revisions\/102"}],"up":[{"embeddable":true,"href":"https:\/\/www.schullermalt.at\/index.php?rest_route=\/wp\/v2\/pages\/10"}],"wp:featuredmedia":[{"embeddable":true,"href":"https:\/\/www.schullermalt.at\/index.php?rest_route=\/wp\/v2\/media\/103"}],"wp:attachment":[{"href":"https:\/\/www.schullermalt.at\/index.php?rest_route=%2Fwp%2Fv2%2Fmedia&parent=60"}],"curies":[{"name":"wp","href":"https:\/\/api.w.org\/{rel}","templated":true}]}}