{"id":10,"date":"2018-05-24T10:29:21","date_gmt":"2018-05-24T10:29:21","guid":{"rendered":"https:\/\/www.schullermalt.at\/?page_id=10"},"modified":"2018-05-28T09:35:12","modified_gmt":"2018-05-28T09:35:12","slug":"leistungen","status":"publish","type":"page","link":"https:\/\/www.schullermalt.at\/?page_id=10","title":{"rendered":"Leistungen"},"content":{"rendered":"<h5>Andere reden \u2013 wir tun! Und das schon seit 3 Generationen mit Leidenschaft.<\/h5>\n<\/p>\n<p>Sie wollen mehr Farbe in Ihr Leben bringen? Ihr Kind wird langsam erwachsen und bekommt ein neu gestyltes Zimmer? Ihre Fassade hat den Glanz alter Zeiten verloren? Sie m\u00f6chten sich eine klassische, gem\u00fctliche Stube einrichten und wollen die dazu passenden W\u00e4nde?<br \/>\nWas auch immer Sie vorhaben, wir beraten Sie gerne bis ins Detail und lassen Sie an unserer langj\u00e4hrigen Erfahrung teilhaben. Wir freuen uns auf spannende Aufgaben!<\/p>\n","protected":false},"excerpt":{"rendered":"<p>Andere reden \u2013 wir tun! Und das schon seit 3 Generationen mit Leidenschaft. Sie wollen mehr Farbe in Ihr Leben bringen? Ihr Kind wird langsam erwachsen und bekommt ein neu gestyltes Zimmer? Ihre Fassade hat den Glanz alter Zeiten verloren? Sie m\u00f6chten sich eine klassische, gem\u00fctliche Stube einrichten und wollen die dazu passenden W\u00e4nde? Was [&hellip;]<\/p>\n","protected":false},"author":1,"featured_media":71,"parent":0,"menu_order":0,"comment_status":"closed","ping_status":"closed","template":"","meta":{"inline_featured_image":false,"footnotes":""},"_links":{"self":[{"href":"https:\/\/www.schullermalt.at\/index.php?rest_route=\/wp\/v2\/pages\/10"}],"collection":[{"href":"https:\/\/www.schullermalt.at\/index.php?rest_route=\/wp\/v2\/pages"}],"about":[{"href":"https:\/\/www.schullermalt.at\/index.php?rest_route=\/wp\/v2\/types\/page"}],"author":[{"embeddable":true,"href":"https:\/\/www.schullermalt.at\/index.php?rest_route=\/wp\/v2\/users\/1"}],"replies":[{"embeddable":true,"href":"https:\/\/www.schullermalt.at\/index.php?rest_route=%2Fwp%2Fv2%2Fcomments&post=10"}],"version-history":[{"count":8,"href":"https:\/\/www.schullermalt.at\/index.php?rest_route=\/wp\/v2\/pages\/10\/revisions"}],"predecessor-version":[{"id":76,"href":"https:\/\/www.schullermalt.at\/index.php?rest_route=\/wp\/v2\/pages\/10\/revisions\/76"}],"wp:featuredmedia":[{"embeddable":true,"href":"https:\/\/www.schullermalt.at\/index.php?rest_route=\/wp\/v2\/media\/71"}],"wp:attachment":[{"href":"https:\/\/www.schullermalt.at\/index.php?rest_route=%2Fwp%2Fv2%2Fmedia&parent=10"}],"curies":[{"name":"wp","href":"https:\/\/api.w.org\/{rel}","templated":true}]}}